{"id":17,"date":"2024-09-24T13:31:22","date_gmt":"2024-09-24T13:31:22","guid":{"rendered":"https:\/\/dofladev.fr\/blog-2\/"},"modified":"2024-11-07T10:36:35","modified_gmt":"2024-11-07T10:36:35","slug":"blog-2","status":"publish","type":"page","link":"https:\/\/dofladev.fr\/?page_id=17","title":{"rendered":"Blog"},"content":{"rendered":"\t\t<div data-elementor-type=\"wp-page\" data-elementor-id=\"17\" class=\"elementor elementor-17\">\n\t\t\t\t\t\t<section class=\"elementor-section elementor-top-section elementor-element elementor-element-09755be elementor-section-height-min-height elementor-section-full_width elementor-section-height-default elementor-section-items-middle wpr-sticky-section-no wpr-equal-height-no\" data-id=\"09755be\" data-element_type=\"section\" data-e-type=\"section\" data-settings=\"{&quot;background_background&quot;:&quot;classic&quot;}\">\n\t\t\t\t\t\t<div class=\"elementor-container elementor-column-gap-default\">\n\t\t\t\t\t<div class=\"elementor-column elementor-col-100 elementor-top-column elementor-element elementor-element-a5882e1\" data-id=\"a5882e1\" data-element_type=\"column\" data-e-type=\"column\">\n\t\t\t<div class=\"elementor-widget-wrap elementor-element-populated\">\n\t\t\t\t\t\t<div class=\"elementor-element elementor-element-6d76eca5 elementor-widget elementor-widget-heading\" data-id=\"6d76eca5\" data-element_type=\"widget\" data-e-type=\"widget\" data-widget_type=\"heading.default\">\n\t\t\t\t<div class=\"elementor-widget-container\">\n\t\t\t\t\t<h2 class=\"elementor-heading-title elementor-size-default\">Blog<\/h2>\t\t\t\t<\/div>\n\t\t\t\t<\/div>\n\t\t\t\t<div class=\"elementor-element elementor-element-6c20cb76 wpr-grid-columns--tablet1 wpr-grid-columns-3 wpr-grid-columns--mobile1 wpr-item-styles-inner elementor-invisible elementor-widget elementor-widget-wpr-grid\" data-id=\"6c20cb76\" data-element_type=\"widget\" data-e-type=\"widget\" data-settings=\"{&quot;_animation&quot;:&quot;fadeIn&quot;}\" data-widget_type=\"wpr-grid.default\">\n\t\t\t\t<div class=\"elementor-widget-container\">\n\t\t\t\t\t<ul class=\"wpr-grid-filters elementor-clearfix wpr-grid-filters-sep-right\"><li class=\" wpr-pointer-none wpr-pointer-line-fx wpr-pointer-fx-none\"><span  data-filter=\"*\" class=\"wpr-grid-filters-item wpr-active-filter \">All Post<\/span><em class=\"wpr-grid-filters-sep\"><\/em><\/li><\/ul><section class=\"wpr-grid elementor-clearfix\" data-settings=\"{&quot;layout&quot;:&quot;masonry&quot;,&quot;stick_last_element_to_bottom&quot;:&quot;no&quot;,&quot;columns_desktop&quot;:&quot;3&quot;,&quot;gutter_hr&quot;:25,&quot;gutter_hr_mobile&quot;:25,&quot;gutter_hr_mobile_extra&quot;:25,&quot;gutter_hr_tablet&quot;:25,&quot;gutter_hr_tablet_extra&quot;:25,&quot;gutter_hr_laptop&quot;:25,&quot;gutter_hr_widescreen&quot;:25,&quot;gutter_vr&quot;:30,&quot;gutter_vr_mobile&quot;:30,&quot;gutter_vr_mobile_extra&quot;:30,&quot;gutter_vr_tablet&quot;:30,&quot;gutter_vr_tablet_extra&quot;:30,&quot;gutter_vr_laptop&quot;:30,&quot;gutter_vr_widescreen&quot;:30,&quot;animation&quot;:&quot;default&quot;,&quot;animation_duration&quot;:0.3,&quot;animation_delay&quot;:0.1,&quot;deeplinking&quot;:&quot;&quot;,&quot;filters_linkable&quot;:&quot;no&quot;,&quot;filters_default_filter&quot;:&quot;&quot;,&quot;filters_count&quot;:&quot;&quot;,&quot;filters_hide_empty&quot;:&quot;no&quot;,&quot;filters_animation&quot;:&quot;default&quot;,&quot;filters_animation_duration&quot;:0.3,&quot;filters_animation_delay&quot;:0.1,&quot;pagination_type&quot;:&quot;load-more&quot;,&quot;pagination_max_pages&quot;:1,&quot;lightbox&quot;:{&quot;selector&quot;:&quot;.wpr-grid-image-wrap&quot;,&quot;iframeMaxWidth&quot;:&quot;60%&quot;,&quot;hash&quot;:false,&quot;autoplay&quot;:&quot;true&quot;,&quot;pause&quot;:5000,&quot;progressBar&quot;:&quot;true&quot;,&quot;counter&quot;:&quot;true&quot;,&quot;controls&quot;:&quot;true&quot;,&quot;getCaptionFromTitleOrAlt&quot;:&quot;true&quot;,&quot;thumbnail&quot;:&quot;&quot;,&quot;showThumbByDefault&quot;:&quot;&quot;,&quot;share&quot;:&quot;&quot;,&quot;zoom&quot;:&quot;true&quot;,&quot;fullScreen&quot;:&quot;true&quot;,&quot;download&quot;:&quot;true&quot;}}\" data-advanced-filters=\"no\"><article class=\"wpr-grid-item elementor-clearfix post-4214 post type-post status-publish format-standard has-post-thumbnail hentry category-uncategorized\"><div class=\"wpr-grid-item-inner\"><div class=\"wpr-grid-media-wrap wpr-effect-size-medium \" data-overlay-link=\"yes\"><div class=\"wpr-grid-image-wrap\" data-src=\"https:\/\/dofladev.fr\/wp-content\/uploads\/2024\/10\/stephen-phillips-hostreviews-co-uk-2kH-6T6x_0I-unsplash-scaled.jpg\" data-img-on-hover=\"\"  data-src-secondary=\"\"><img decoding=\"async\" data-no-lazy=\"1\" src=\"https:\/\/dofladev.fr\/wp-content\/uploads\/2024\/10\/stephen-phillips-hostreviews-co-uk-2kH-6T6x_0I-unsplash-scaled.jpg\" alt=\"image blog\" class=\"wpr-anim-timing-ease-default\"><\/div><div class=\"wpr-grid-media-hover wpr-animation-wrap\"><div class=\"wpr-grid-media-hover-bg  wpr-overlay-fade-in wpr-anim-size-large wpr-anim-timing-ease-default wpr-anim-transparency\" data-url=\"https:\/\/dofladev.fr\/?p=4214\"><\/div><\/div><\/div><div class=\"wpr-grid-item-below-content elementor-clearfix\"><h2 class=\"wpr-grid-item-title elementor-repeater-item-ed06ca0 wpr-grid-item-display-block wpr-grid-item-align-left wpr-pointer-none wpr-pointer-line-fx wpr-pointer-fx-fade\"><div class=\"inner-block\"><a target=\"_self\"  href=\"https:\/\/dofladev.fr\/?p=4214\">Comment installer et h\u00e9berger votre site web\/domaine en 4 \u00e9tapes et combien \u00e7a co\u00fbte ?<\/a><\/div><\/h2><div class=\"wpr-grid-item-date elementor-repeater-item-a4e9fd2 wpr-grid-item-display-inline wpr-grid-item-align-left\"><div class=\"inner-block\"><span>octobre 17, 2024<span class=\"wpr-grid-extra-text-right\">\/<\/span><\/span><\/div><\/div><div class=\"wpr-grid-item-comments elementor-repeater-item-234beb2 wpr-grid-item-display-inline wpr-grid-item-align-left\"><div class=\"inner-block\"><a href=\"https:\/\/dofladev.fr\/?p=4214#respond\"><span>No Comments<\/span><\/a><\/div><\/div><div class=\"wpr-grid-item-excerpt elementor-repeater-item-d85a36b wpr-grid-item-display-block wpr-grid-item-align-left\"><div class=\"inner-block\"><p>Comment installer et h\u00e9berger votre site Web\/domaine en 4 \u00e9tapes et combien \u00e7a co\u00fbte ? 1. Choisir un nom...<\/p><\/div><\/div><div class=\"wpr-grid-item-read-more elementor-repeater-item-e347663 wpr-grid-item-display-block wpr-grid-item-align-left\"><div class=\"inner-block\"><a target=\"_self\" href=\"https:\/\/dofladev.fr\/?p=4214\" class=\"wpr-button-effect wpr-button-none\"><span>Lire l&#039;article<\/span><\/a><\/div><\/div><\/div><\/div><\/article><article class=\"wpr-grid-item elementor-clearfix post-1839 post type-post status-publish format-standard has-post-thumbnail hentry category-uncategorized\"><div class=\"wpr-grid-item-inner\"><div class=\"wpr-grid-media-wrap wpr-effect-size-medium \" data-overlay-link=\"yes\"><div class=\"wpr-grid-image-wrap\" data-src=\"https:\/\/dofladev.fr\/wp-content\/uploads\/2024\/09\/glenn-carstens-peters-npxXWgQ33ZQ-unsplash-scaled.jpg\" data-img-on-hover=\"\"  data-src-secondary=\"\"><img decoding=\"async\" data-no-lazy=\"1\" src=\"https:\/\/dofladev.fr\/wp-content\/uploads\/2024\/09\/glenn-carstens-peters-npxXWgQ33ZQ-unsplash-scaled.jpg\" alt=\"Combien co\u00fbte un site web ?\" class=\"wpr-anim-timing-ease-default\"><\/div><div class=\"wpr-grid-media-hover wpr-animation-wrap\"><div class=\"wpr-grid-media-hover-bg  wpr-overlay-fade-in wpr-anim-size-large wpr-anim-timing-ease-default wpr-anim-transparency\" data-url=\"https:\/\/dofladev.fr\/?p=1839\"><\/div><\/div><\/div><div class=\"wpr-grid-item-below-content elementor-clearfix\"><h2 class=\"wpr-grid-item-title elementor-repeater-item-ed06ca0 wpr-grid-item-display-block wpr-grid-item-align-left wpr-pointer-none wpr-pointer-line-fx wpr-pointer-fx-fade\"><div class=\"inner-block\"><a target=\"_self\"  href=\"https:\/\/dofladev.fr\/?p=1839\">Combien co\u00fbte un site web ?<\/a><\/div><\/h2><div class=\"wpr-grid-item-date elementor-repeater-item-a4e9fd2 wpr-grid-item-display-inline wpr-grid-item-align-left\"><div class=\"inner-block\"><span>septembre 26, 2024<span class=\"wpr-grid-extra-text-right\">\/<\/span><\/span><\/div><\/div><div class=\"wpr-grid-item-comments elementor-repeater-item-234beb2 wpr-grid-item-display-inline wpr-grid-item-align-left\"><div class=\"inner-block\"><a href=\"https:\/\/dofladev.fr\/?p=1839#respond\"><span>No Comments<\/span><\/a><\/div><\/div><div class=\"wpr-grid-item-excerpt elementor-repeater-item-d85a36b wpr-grid-item-display-block wpr-grid-item-align-left\"><div class=\"inner-block\"><p>Quel est le prix d\u2019un site web? Voici les prix de d\u00e9parts que l&rsquo;agence dofla et les autres agences\/freelances...<\/p><\/div><\/div><div class=\"wpr-grid-item-read-more elementor-repeater-item-e347663 wpr-grid-item-display-block wpr-grid-item-align-left\"><div class=\"inner-block\"><a target=\"_self\" href=\"https:\/\/dofladev.fr\/?p=1839\" class=\"wpr-button-effect wpr-button-none\"><span>Lire l&#039;article<\/span><\/a><\/div><\/div><\/div><\/div><\/article><\/section>\t\t\t\t<\/div>\n\t\t\t\t<\/div>\n\t\t\t\t\t<\/div>\n\t\t<\/div>\n\t\t\t\t\t<\/div>\n\t\t<\/section>\n\t\t\t\t<\/div>\n\t\t","protected":false},"excerpt":{"rendered":"<p>Blog All Post Uncategorized Comment installer et H\u00e9berger Votre Site Web\/domaine en 4 \u00c9tapes et Combien \u00e7a co\u00fbte ? octobre 17, 2024\/No Comments Comment installer et H\u00e9berger Votre Site Web\/domaine en 4 \u00c9tapes et Combien \u00e7a co\u00fbte ? 1. Choisir un Nom\u2026 Lire l&#039;article Combien co\u00fbte un site web ? septembre 26, 2024\/No Comments Quel est le prix d\u2019un site web? Voici les prix de d\u00e9parts que l&#8217;agence dofla et les autres agences\/freelances\u2026 Lire l&#039;article<\/p>\n","protected":false},"author":1,"featured_media":0,"parent":0,"menu_order":0,"comment_status":"closed","ping_status":"closed","template":"elementor_canvas","meta":{"_monsterinsights_skip_tracking":false,"_monsterinsights_sitenote_active":false,"_monsterinsights_sitenote_note":"","_monsterinsights_sitenote_category":0,"footnotes":""},"class_list":["post-17","page","type-page","status-publish","hentry"],"yoast_head":"<!-- This site is optimized with the Yoast SEO plugin v27.5 - https:\/\/yoast.com\/product\/yoast-seo-wordpress\/ -->\n<title>Blog - Agence web<\/title>\n<meta name=\"description\" content=\"Vous vous posez des questions sur le prix d&#039;un site internet par exemple ou comment utiliser Wordpress? Vous \u00eates au bon endroit!\" \/>\n<meta name=\"robots\" content=\"index, follow, max-snippet:-1, max-image-preview:large, max-video-preview:-1\" \/>\n<link rel=\"canonical\" href=\"https:\/\/dofladev.fr\/?page_id=17\" \/>\n<meta property=\"og:locale\" content=\"fr_FR\" \/>\n<meta property=\"og:type\" content=\"article\" \/>\n<meta property=\"og:title\" content=\"Blog - Agence web\" \/>\n<meta property=\"og:description\" content=\"Vous vous posez des questions sur le prix d&#039;un site internet par exemple ou comment utiliser Wordpress? Vous \u00eates au bon endroit!\" \/>\n<meta property=\"og:url\" content=\"https:\/\/dofladev.fr\/?page_id=17\" \/>\n<meta property=\"og:site_name\" content=\"Agence web\" \/>\n<meta property=\"article:modified_time\" content=\"2024-11-07T10:36:35+00:00\" \/>\n<meta property=\"og:image\" content=\"https:\/\/dofladev.fr\/wp-content\/uploads\/2024\/10\/stephen-phillips-hostreviews-co-uk-2kH-6T6x_0I-unsplash-scaled.jpg\" \/>\n<meta name=\"twitter:card\" content=\"summary_large_image\" \/>\n<meta name=\"twitter:label1\" content=\"Dur\u00e9e de lecture estim\u00e9e\" \/>\n\t<meta name=\"twitter:data1\" content=\"1 minute\" \/>\n<script type=\"application\/ld+json\" class=\"yoast-schema-graph\">{\"@context\":\"https:\\\/\\\/schema.org\",\"@graph\":[{\"@type\":\"WebPage\",\"@id\":\"https:\\\/\\\/dofladev.fr\\\/?page_id=17\",\"url\":\"https:\\\/\\\/dofladev.fr\\\/?page_id=17\",\"name\":\"Blog - Agence web\",\"isPartOf\":{\"@id\":\"https:\\\/\\\/porfoliodofla-aex61rth70.live-website.com\\\/#website\"},\"primaryImageOfPage\":{\"@id\":\"https:\\\/\\\/dofladev.fr\\\/?page_id=17#primaryimage\"},\"image\":{\"@id\":\"https:\\\/\\\/dofladev.fr\\\/?page_id=17#primaryimage\"},\"thumbnailUrl\":\"https:\\\/\\\/dofladev.fr\\\/wp-content\\\/uploads\\\/2024\\\/10\\\/stephen-phillips-hostreviews-co-uk-2kH-6T6x_0I-unsplash-scaled.jpg\",\"datePublished\":\"2024-09-24T13:31:22+00:00\",\"dateModified\":\"2024-11-07T10:36:35+00:00\",\"description\":\"Vous vous posez des questions sur le prix d'un site internet par exemple ou comment utiliser Wordpress? Vous \u00eates au bon endroit!\",\"breadcrumb\":{\"@id\":\"https:\\\/\\\/dofladev.fr\\\/?page_id=17#breadcrumb\"},\"inLanguage\":\"fr-FR\",\"potentialAction\":[{\"@type\":\"ReadAction\",\"target\":[\"https:\\\/\\\/dofladev.fr\\\/?page_id=17\"]}]},{\"@type\":\"ImageObject\",\"inLanguage\":\"fr-FR\",\"@id\":\"https:\\\/\\\/dofladev.fr\\\/?page_id=17#primaryimage\",\"url\":\"https:\\\/\\\/dofladev.fr\\\/wp-content\\\/uploads\\\/2024\\\/10\\\/stephen-phillips-hostreviews-co-uk-2kH-6T6x_0I-unsplash-scaled.jpg\",\"contentUrl\":\"https:\\\/\\\/dofladev.fr\\\/wp-content\\\/uploads\\\/2024\\\/10\\\/stephen-phillips-hostreviews-co-uk-2kH-6T6x_0I-unsplash-scaled.jpg\",\"width\":2560,\"height\":1707,\"caption\":\"image blog\"},{\"@type\":\"BreadcrumbList\",\"@id\":\"https:\\\/\\\/dofladev.fr\\\/?page_id=17#breadcrumb\",\"itemListElement\":[{\"@type\":\"ListItem\",\"position\":1,\"name\":\"Accueil\",\"item\":\"https:\\\/\\\/dofladev.fr\\\/\"},{\"@type\":\"ListItem\",\"position\":2,\"name\":\"Blog\"}]},{\"@type\":\"WebSite\",\"@id\":\"https:\\\/\\\/porfoliodofla-aex61rth70.live-website.com\\\/#website\",\"url\":\"https:\\\/\\\/porfoliodofla-aex61rth70.live-website.com\\\/\",\"name\":\"Agence webdesign dofla\",\"description\":\"Just another WordPress site\",\"publisher\":{\"@id\":\"https:\\\/\\\/porfoliodofla-aex61rth70.live-website.com\\\/#organization\"},\"potentialAction\":[{\"@type\":\"SearchAction\",\"target\":{\"@type\":\"EntryPoint\",\"urlTemplate\":\"https:\\\/\\\/porfoliodofla-aex61rth70.live-website.com\\\/?s={search_term_string}\"},\"query-input\":{\"@type\":\"PropertyValueSpecification\",\"valueRequired\":true,\"valueName\":\"search_term_string\"}}],\"inLanguage\":\"fr-FR\"},{\"@type\":\"Organization\",\"@id\":\"https:\\\/\\\/porfoliodofla-aex61rth70.live-website.com\\\/#organization\",\"name\":\"Agence webdesign dofla\",\"url\":\"https:\\\/\\\/porfoliodofla-aex61rth70.live-website.com\\\/\",\"logo\":{\"@type\":\"ImageObject\",\"inLanguage\":\"fr-FR\",\"@id\":\"https:\\\/\\\/porfoliodofla-aex61rth70.live-website.com\\\/#\\\/schema\\\/logo\\\/image\\\/\",\"url\":\"https:\\\/\\\/dofladev.fr\\\/wp-content\\\/uploads\\\/2024\\\/09\\\/dofla.png\",\"contentUrl\":\"https:\\\/\\\/dofladev.fr\\\/wp-content\\\/uploads\\\/2024\\\/09\\\/dofla.png\",\"width\":191,\"height\":89,\"caption\":\"Agence webdesign dofla\"},\"image\":{\"@id\":\"https:\\\/\\\/porfoliodofla-aex61rth70.live-website.com\\\/#\\\/schema\\\/logo\\\/image\\\/\"}}]}<\/script>\n<!-- \/ Yoast SEO plugin. -->","yoast_head_json":{"title":"Blog - Agence web","description":"Vous vous posez des questions sur le prix d'un site internet par exemple ou comment utiliser Wordpress? Vous \u00eates au bon endroit!","robots":{"index":"index","follow":"follow","max-snippet":"max-snippet:-1","max-image-preview":"max-image-preview:large","max-video-preview":"max-video-preview:-1"},"canonical":"https:\/\/dofladev.fr\/?page_id=17","og_locale":"fr_FR","og_type":"article","og_title":"Blog - Agence web","og_description":"Vous vous posez des questions sur le prix d'un site internet par exemple ou comment utiliser Wordpress? Vous \u00eates au bon endroit!","og_url":"https:\/\/dofladev.fr\/?page_id=17","og_site_name":"Agence web","article_modified_time":"2024-11-07T10:36:35+00:00","og_image":[{"url":"https:\/\/dofladev.fr\/wp-content\/uploads\/2024\/10\/stephen-phillips-hostreviews-co-uk-2kH-6T6x_0I-unsplash-scaled.jpg","type":"","width":"","height":""}],"twitter_card":"summary_large_image","twitter_misc":{"Dur\u00e9e de lecture estim\u00e9e":"1 minute"},"schema":{"@context":"https:\/\/schema.org","@graph":[{"@type":"WebPage","@id":"https:\/\/dofladev.fr\/?page_id=17","url":"https:\/\/dofladev.fr\/?page_id=17","name":"Blog - Agence web","isPartOf":{"@id":"https:\/\/porfoliodofla-aex61rth70.live-website.com\/#website"},"primaryImageOfPage":{"@id":"https:\/\/dofladev.fr\/?page_id=17#primaryimage"},"image":{"@id":"https:\/\/dofladev.fr\/?page_id=17#primaryimage"},"thumbnailUrl":"https:\/\/dofladev.fr\/wp-content\/uploads\/2024\/10\/stephen-phillips-hostreviews-co-uk-2kH-6T6x_0I-unsplash-scaled.jpg","datePublished":"2024-09-24T13:31:22+00:00","dateModified":"2024-11-07T10:36:35+00:00","description":"Vous vous posez des questions sur le prix d'un site internet par exemple ou comment utiliser Wordpress? Vous \u00eates au bon endroit!","breadcrumb":{"@id":"https:\/\/dofladev.fr\/?page_id=17#breadcrumb"},"inLanguage":"fr-FR","potentialAction":[{"@type":"ReadAction","target":["https:\/\/dofladev.fr\/?page_id=17"]}]},{"@type":"ImageObject","inLanguage":"fr-FR","@id":"https:\/\/dofladev.fr\/?page_id=17#primaryimage","url":"https:\/\/dofladev.fr\/wp-content\/uploads\/2024\/10\/stephen-phillips-hostreviews-co-uk-2kH-6T6x_0I-unsplash-scaled.jpg","contentUrl":"https:\/\/dofladev.fr\/wp-content\/uploads\/2024\/10\/stephen-phillips-hostreviews-co-uk-2kH-6T6x_0I-unsplash-scaled.jpg","width":2560,"height":1707,"caption":"image blog"},{"@type":"BreadcrumbList","@id":"https:\/\/dofladev.fr\/?page_id=17#breadcrumb","itemListElement":[{"@type":"ListItem","position":1,"name":"Accueil","item":"https:\/\/dofladev.fr\/"},{"@type":"ListItem","position":2,"name":"Blog"}]},{"@type":"WebSite","@id":"https:\/\/porfoliodofla-aex61rth70.live-website.com\/#website","url":"https:\/\/porfoliodofla-aex61rth70.live-website.com\/","name":"Agence webdesign dofla","description":"Just another WordPress site","publisher":{"@id":"https:\/\/porfoliodofla-aex61rth70.live-website.com\/#organization"},"potentialAction":[{"@type":"SearchAction","target":{"@type":"EntryPoint","urlTemplate":"https:\/\/porfoliodofla-aex61rth70.live-website.com\/?s={search_term_string}"},"query-input":{"@type":"PropertyValueSpecification","valueRequired":true,"valueName":"search_term_string"}}],"inLanguage":"fr-FR"},{"@type":"Organization","@id":"https:\/\/porfoliodofla-aex61rth70.live-website.com\/#organization","name":"Agence webdesign dofla","url":"https:\/\/porfoliodofla-aex61rth70.live-website.com\/","logo":{"@type":"ImageObject","inLanguage":"fr-FR","@id":"https:\/\/porfoliodofla-aex61rth70.live-website.com\/#\/schema\/logo\/image\/","url":"https:\/\/dofladev.fr\/wp-content\/uploads\/2024\/09\/dofla.png","contentUrl":"https:\/\/dofladev.fr\/wp-content\/uploads\/2024\/09\/dofla.png","width":191,"height":89,"caption":"Agence webdesign dofla"},"image":{"@id":"https:\/\/porfoliodofla-aex61rth70.live-website.com\/#\/schema\/logo\/image\/"}}]}},"_links":{"self":[{"href":"https:\/\/dofladev.fr\/index.php?rest_route=\/wp\/v2\/pages\/17","targetHints":{"allow":["GET"]}}],"collection":[{"href":"https:\/\/dofladev.fr\/index.php?rest_route=\/wp\/v2\/pages"}],"about":[{"href":"https:\/\/dofladev.fr\/index.php?rest_route=\/wp\/v2\/types\/page"}],"author":[{"embeddable":true,"href":"https:\/\/dofladev.fr\/index.php?rest_route=\/wp\/v2\/users\/1"}],"replies":[{"embeddable":true,"href":"https:\/\/dofladev.fr\/index.php?rest_route=%2Fwp%2Fv2%2Fcomments&post=17"}],"version-history":[{"count":18,"href":"https:\/\/dofladev.fr\/index.php?rest_route=\/wp\/v2\/pages\/17\/revisions"}],"predecessor-version":[{"id":4338,"href":"https:\/\/dofladev.fr\/index.php?rest_route=\/wp\/v2\/pages\/17\/revisions\/4338"}],"wp:attachment":[{"href":"https:\/\/dofladev.fr\/index.php?rest_route=%2Fwp%2Fv2%2Fmedia&parent=17"}],"curies":[{"name":"wp","href":"https:\/\/api.w.org\/{rel}","templated":true}]}}